2, -2*x - t = -533. List the prime factors of x.
2, 3, 11
Let h = -32 + 34. What are the prime factors of h/(-4) - 1710/(-36)?
47
Suppose -25 = 5*g, 2*l - 7 = 6*l + 3*g. Suppose -4*o - k + 39 = -0*o, 24 = l*o - 4*k. List the prime factors of -3 + (2 + -1)*o.
7
Let l(u) = -u**2 - 13*u + 8. Let m be l(-7). Let o be 8/36 - m/(-18). Suppose -41 = -o*r + 40. List the prime factors of r.
3
Let g(z) = -32*z + 117. List the prime factors of g(0).
3, 13
Let h(b) = 3*b**2 - 3*b - 6. Suppose 3*r + r - 16 = 0. Let i be r*(-1)/(12/9). List the prime factors of h(i).
2, 3, 5
Suppose -4*s + 2 = 2*k - 14, 3*k = -s - 1. Suppose 4*i - 3*w - 71 = -2*w, -2*w = 2*i - 28. Let z = i - s. List the prime factors of z.
2, 3
Let l(k) = -3*k - 9. Suppose 4*b + 16 = -0*b. What are the prime factors of l(b)?
3
Suppose -190 - 307 = 7*p. List the prime factors of (p/2)/(-1*3/6).
71
Let f = -3 - -16. Suppose -x + 2 = -f. Suppose 3*a - 2*u - 24 = 0, -2*a + 5*u - 4*u = -x. List the prime factors of a.
2, 3
Let s(y) = 908*y + 10. Let d be s(3). Let b be (-5)/15 - d/6. List the prime factors of (4/8)/((-4)/b).
3, 19
Suppose -1125 = 62*h - 71*h. What are the prime factors of h?
5
Suppose -823 = -l + 513. What are the prime factors of l?
2, 167
Suppose 0 = -3*w - 17 + 104. Suppose 3*v - 4 = 6*h - 2*h, -3*v + w = h. List the prime factors of v.
2
Suppose 2 = k + k. Suppose -5 - k = -3*p. List the prime factors of p.
2
Suppose -4*s - 4*t + 8 = 0, 5*s - 4*s - 2*t = 2. Suppose -s*b + 6 = -14. Let u(d) = 2*d - 8. What are the prime factors of u(b)?
2, 3
Let u = 692 + -685. List the prime factors of u.
7
Suppose 3*y - 7 = -19. Let d(t) = t + 3. Let f be d(y). What are the prime factors of ((-3)/f)/(-3) + 5?
2
Let b(c) = c**3 - 7*c**2 - 8*c + 2. Let d be b(8). Let l(x) = 22*x - 4. Let u be l(d). Let g = 21 + u. List the prime factors of g.
61
Let t = -49 - -54. List the prime factors of (-1 - t)/(18/(-117)).
3, 13
Let d(r) = r**2 + 13*r - 4. Let n be d(-8). Let y = n - -193. What are the prime factors of y?
149
Suppose -2 = 8*x - 18. What are the prime factors of (x + 0)*64/4?
2
Let u = -6047 - -9064. List the prime factors of u.
7, 431
Suppose -7*x = -9*x + 516. What are the prime factors of x?
2, 3, 43
Let f = 11 - -3. Let w be 8/28 - 578/f. What are the prime factors of w/(-4) + 1/(-4)?
2, 5
Let j(n) = -16*n + 5. Let s(c) = 33*c - 9. Let d(w) = -7*j(w) - 4*s(w). Let x be d(-1). Suppose 0 = z - 3 - x. What are the prime factors of z?
2, 3
Let z = -355 - -475. List the prime factors of z.
2, 3, 5
Let h(v) = 6*v - v**2 - 28 + 5*v + 31 - 17. List the prime factors of h(6).
2
Suppose -35 = 5*r - c - 134, c = 1. Let k be (-10)/r + (-3)/2. What are the prime factors of (1/k)/(8/(-688))?
43
Let w(v) = -v**3 - 16*v**2 - 33*v + 64. Let n be w(-13). Suppose -6*p = -3*p - 141. Let q = n + p. List the prime factors of q.
3, 11
Suppose -4*i - 95 = -5*r, 4*r - 85 = -r + 2*i. Let y = r - 5. Let b = y - -28. What are the prime factors of b?
2, 19
Let x(s) = s - 4. Let c be x(-16). Let p be 32/c*(-35)/2. Suppose 0*d = -d + p. List the prime factors of d.
2, 7
Let a be (1 - (-4 - -3)) + 0/(-1). Suppose -a*x - 247 = -851. List the prime factors of x.
2, 151
Suppose -m = 2*m. Let j(x) = x**3 - 14*x**2 + x - 11. Let n be j(14). List the prime factors of m*(-2 + n) - -14.
2, 7
Suppose 6*x - 3*x - 1 = -5*l, 3*x - 4*l - 10 = 0. Suppose 3*r - 5*v - 884 = 0, x*r + 2*v - 3*v = 594. What are the prime factors of r?
2, 149
Suppose -7*l - 864 = -8*l - 2*g, -5*g = -5. What are the prime factors of l?
2, 431
Let u(w) = 90*w - 95. What are the prime factors of u(6)?
5, 89
Let y(b) = 8*b + 149. What are the prime factors of y(6)?
197
Let m be (-34)/5 - 1/5. Suppose -52 = 53*f - 49*f. Let y = m - f. List the prime factors of y.
2, 3
Let a be (1*8)/2*4. Suppose 0 = -3*g, 5*y + 2*g - 4*g = 155. Let p = y - a. List the prime factors of p.
3, 5
Suppose 49*a = -18*a + 110818. What are the prime factors of a?
2, 827
Let z(u) = -10*u + 293. What are the prime factors of z(0)?
293
Suppose -3*i - 208 = -v - i, 3*v = -4*i + 664. Suppose -2*d = -6*d + v. What are the prime factors of d?
2, 3
Let x = 76 + -42. Suppose -30*i + x*i - 160 = 0. List the prime factors of i.
2, 5
Let j(m) = -m**3 + 14*m**2 - 10*m + 19. Let k(q) = 34*q**2 - 5*q - 6. Let w be k(-3). Let g be (-3)/24 - w/(-24). What are the prime factors of j(g)?
2, 29
Suppose 3*g = 3*i - 27, -2*i = -0*g + 3*g + 2. Suppose 5*z - 239 = -2*u, 620 = -0*u + 5*u + i*z. What are the prime factors of u?
127
Let y = 8 - 1. Let n = y + -6. Suppose 5*q - 4*s = 166, -n = -q + 2*s + 31. What are the prime factors of q?
2, 17
Let o(v) = 52*v - 94. List the prime factors of o(11).
2, 239
Let u(x) = -x**3 + 3*x + 2. Let y be u(-2). Suppose 0 = y*h - 0 + 280. Let z = 120 + h. List the prime factors of z.
2, 5
Let u(w) be the third derivative of w**4/8 + w**3/3 - w**2. Let k(y) = 3*y**2 - 9*y + 7. Let s be k(3). List the prime factors of u(s).
23
Suppose 20*f = 15*f + 10. Suppose 4*a - 308 = 3*k, f*a + 0*a - 4*k - 154 = 0. What are the prime factors of a?
7, 11
Suppose 2*j - 863 = -r, -2*j - 3*r + 564 = -293. What are the prime factors of j?
433
Let w = 899 - 618. Let v = -134 + w. What are the prime factors of v?
3, 7
Let z(w) = -w**2 - w + 9. Let v be z(-4). List the prime factors of (-257 - v)/(-1) - -1.
3, 5, 17
Suppose 192 = 9*f - 5*f. Let s be (f/20)/((-9)/210). Let j = s - -103. List the prime factors of j.
47
Let h(x) = x**2 + 7*x - 16. Let t be h(-8). Let o(l) = l**2 + 3*l + 8. Let y be o(-7). Let d = y + t. What are the prime factors of d?
2, 7
Let k(n) = -2*n**2 - 21*n. Let y be k(-14). Let r = -32 - y. List the prime factors of r.
2, 3, 11
Suppose 94*z = 91*z + 405. What are the prime factors of z?
3, 5
Let z be (52/(-12))/(2/(-6)). Let v = z + -9. Suppose v*y - 57 = y. What are the prime factors of y?
19
Suppose 2872 = 66*x - 58*x. What are the prime factors of x?
359
Let c be 4/6 - (-8)/6. Let p = -18 - -20. Suppose 0 = -m - p*h + 28, 2*h = -c*m + 25 + 33. What are the prime factors of m?
2, 3, 5
Let q = 377 + -111. What are the prime factors of q?
2, 7, 19
Let o be ((-536)/12)/(3/18). List the prime factors of o/(-7) - (-10)/(-35).
2, 19
Let a = 2758 + -332. What are the prime factors of a?
2, 1213
Suppose 3*d = 5*v - 122 - 134, -5*v - 3*d + 244 = 0. Suppose 2*a - 4*o = -o + 75, -2*a = 2*o - v. What are the prime factors of a?
2, 3, 5
Suppose -2*m - 109 + 123 = 0. What are the prime factors of m?
7
Suppose 987 = 4*l - 1033. What are the prime factors of l?
5, 101
Let f(q) = q**2. Let l(z) = -z**2 + z - 1. Let x(w) = 4*f(w) + 3*l(w). Let b be 5/(1*(0 + 1)). List the prime factors of x(b).
37
Let m = 1170 - 710. List the prime factors of m.
2, 5, 23
Let u = -20 - -83. What are the prime factors of (-6)/(-5)*(1 - u/(-2))?
3, 13
Let q(m) = 2*m + 3. Let i(c) = c**3 + 16*c**2 - 18*c - 1. Let n be i(-17). Suppose 17 = o + l, 4*o - o - 4*l - n = 0. List the prime factors of q(o).
3
Suppose -4*g - 5*k = -1969, 0*k = -3*g + 4*k + 1469. Suppose -4*m + 127 = -w - g, -w + 622 = 4*m. List the prime factors of m.
5, 31
Let y(f) = 10*f**2 + f - 9. Let v be y(3). Let h = v + 29. Suppose -5*s = 23 - h. List the prime factors of s.
2, 3
Let v be 1/((14/6 - 2)*1). Suppose v*q = 7*q + 3*i - 148, -152 = -4*q - 2*i. List the prime factors of q.
2, 5
Suppose -y = 5*f - 2580, -4*y + 7*y - 2*f - 7791 = 0. What are the prime factors of y?
3, 5, 173
Suppose 0 = 4*n + 2*t - 103 + 7, n - 22 = -t. What are the prime factors of (-4)/n - (-353)/13?
3
Let n(r) = 9*r**3 - 7*r**2 + 11*r - 10. List the prime factors of n(4).
2, 3, 83
List the prime factors of (-3)/(-36) - (-4242889)/852.
2, 3, 5, 83
Suppose -2*n - 4 = -v - 13, 0 = n. List the prime factors of (v/(-21))/((-1)/(-7)).
3
Let j(h) = 3*h**2 + 19*h + 11. Let z = 94 + -103. What are the prime factors of j(z)?
83
Suppose 2*v - 2333 = -0*c - 5*c, 4*v = -c + 481. List the prime factors of c.
3, 5, 31
Let f(t) = 2*t**2 - 1. Let w(z) = -3*z - 9. Let x be w(-5). Suppose -h + 3 = x. List the prime factors of f(h).
17
Let v = 2564 + -1083. What are the prime factors of v?
1481
Let g be (-8 - -9)/((-1)/(-2)). Let d(c) = 3*c - 3. List the prime factors of d(g).
3
Let p be (-1 - 0 - -6)*1. Suppose 7*h - 176 = -4*u + 3*h, -p*u = h - 220. List the prime factors 